*2 + 9*a - 10. Let q(k) = -3*p(k) - 2*r(k). Calculate q(-8).
-14
Let q(j) be the first derivative of 3*j**2/2 - j - 69. Let z(g) = 6 - 1 + 4*g - 16*g. Let d(w) = -9*q(w) - 2*z(w). Determine d(1).
-4
Suppose 0*w = -3*s + 2*w - 45, 4*s + 60 = 4*w. Let c be s/35 + 76/14. Let m(u) be the first derivative of -u**3/3 + 7*u**2/2 - 5*u - 1. Give m(c).
5
Let i = 22 + -19. Suppose -3*o + i*o = -3*o. Let b(f) = -6*f**2 - 6*f + 8. Let y(k) = 7*k**2 + 7*k - 9. Let c(v) = 6*b(v) + 5*y(v). Give c(o).
3
Let p = 19 + -13. Let s(n) = -2*n - 1. Let r(a) = 7*a + 5. Let x(y) = -r(y) - 3*s(y). What is x(p)?
-8
Let g(b) = -b - 6. Suppose -q - 10 = -3*l, -6*q + 10*q + 4*l = 40. Give g(q).
-11
Suppose 0 = 5*m + 20, 2*y - m = -2*m + 4. Suppose a = -y*a. Suppose a = -t + 4*t. Let w(q) = -q**3 - q**2 - q - 5. Give w(t).
-5
Suppose -v = -3, -2*r - 3*v = -5*r + 9. Let j(k) = -4 + r + 6*k - 1. Give j(1).
7
Let h(i) be the second derivative of -i**7/840 - i**6/120 - i**5/60 - i**4/4 - 23*i**3/6 + 24*i. Let x(a) be the second derivative of h(a). Give x(-4).
18
Let k(m) be the third derivative of m**5/60 + 5*m**4/8 + m**3 + 108*m**2. What is k(-14)?
-8
Let q(h) = 7*h**2 - 18*h - h**2 + 3*h - 1. Let u(g) = 53*g**2 + 3*g - 55*g**2 + 2*g. Let l(a) = -4*q(a) - 11*u(a). Determine l(4).
-8
Suppose -4*s - 21 = 3*r, 0*s + s - 12 = 5*r. Let y = 0 - s. Suppose -3*v + 9 = -0*v - y*a, -2*a = 3*v - 14. Let q(z) = -z - 5. Determine q(v).
-9
Let f(p) = p - 11. Let j be f(14). Suppose j*k = -3*r - 9, 3*k - 4*k + 3*r + 5 = 0. Let q(z) = z**2 + z + 1. Calculate q(k).
1
Let w(t) = -t + 6. Let c be w(3). Let n(o) = -o - 1 - 1 + 4 - c*o. What is n(-2)?
10
Suppose -5*d - r = -27, 0 = -5*d + 4*r - 3*r + 23. Suppose -f + 4*u = f + 6, -d*f - 15 = u. Let w(g) = g**2 + 3*g - 4. What is w(f)?
-4
Let c = 37 - 35. Suppose -c*q + 11 = 5*s, 2*q - 3*q = s - 13. Let a(m) = 43 + 2*m - q - 16 - m. What is a(-8)?
1
Let p(u) = -u**3 - 8*u**2 - 5*u + 6. Let d(s) = -7*s - 36. Let g be d(-6). Let r = g + -13. What is p(r)?
-8
Suppose 6 = p - 3*p. Suppose -3*u + 11 = 5*r, 4*r - 5 = -3*u + 5*r. Let z(x) = 77*x - x**u - 41*x + 3 + 1 - 37*x. Give z(p).
-2
Let g(r) be the third derivative of -12*r**2 + 0 + 0*r - 1/8*r**4 + 4/3*r**3. Suppose -16 = -5*j + 14. Give g(j).
-10
Let m be ((-4)/8)/(8 - (-632)/(-80)). Let r(a) = a**3 + 6*a**2 + 6*a - 6. What is r(m)?
-11
Let q(a) be the second derivative of -a**3/6 - 2*a**2 - 401*a. Calculate q(-8).
4
Let g(r) = 54 + 7*r - 8*r - 8*r - 4*r + 5*r. Calculate g(7).
-2
Suppose 10*l - 11*l + 4 = 0. Let v(n) = -n**3 + 5*n**2 - 3*n + 2. Let d be v(l). Suppose 0*b + b = -d. Let x(r) = r**2 + 4*r - 6. Calculate x(b).
6
Let h(t) = -t**3 + 23*t**2 - 43*t + 21. Let p be h(21). Let y(a) = a**2 - 4*a. Calculate y(p).
0
Suppose -4*b - 13 = n, 2*b + 2*n + 11 = 3*n. Let q(u) = 4 + 5*u - u + 2. What is q(b)?
-10
Let r(o) be the second derivative of o**4/12 + 19*o**3/6 - 19*o**2/2 - 172*o. Calculate r(-20).
1
Let a(n) be the second derivative of n**5/10 - 13*n**4/12 - n**3 - 7*n**2/2 + 281*n. Determine a(7).
0
Let i(s) = s**2 + 9*s + 2. Let q be i(-9). Let h(m) = 3. Let c(n) = n - 9. Let g(o) = q*c(o) + 7*h(o). Give g(-4).
-5
Let x(k) = k + 1. Let n be 2/20 + (-108)/(-120). Determine x(n).
2
Suppose -o = -5*o. Suppose -2*g - 2*b - 17 = -5*g, -5*g + 21 = 4*b. Let r(w) = o*w + 0 + 4 + w - g. What is r(-4)?
-5
Let f(d) be the third derivative of -7*d**5/60 - d**4/24 + d**3/6 - 344*d**2. Give f(1).
-7
Let w = -115 + 111. Let p(t) = -5*t**3 - 8*t**2 + 3*t + 11. Let f(y) = 3*y**3 + 4*y**2 - 2*y - 6. Let g(q) = w*p(q) - 7*f(q). Calculate g(4).
6
Let z(f) = -5*f - 18. Let t(q) = -2*q - 9. Let i(y) = -9*t(y) + 4*z(y). Let p(a) = -a**2 + 3*a + 6. Let u be p(0). Determine i(u).
-3
Let p = -72 + 71. Let h(s) = 12*s + 1. What is h(p)?
-11
Let x(i) = -i**3 + 6*i**2 - 5*i - 3. Suppose u - 6 = -4. Suppose -g = 2*f + 3, 0 = 3*g - u*f - 32 + 9. Calculate x(g).
-3
Let z(r) = r**2 + 5*r + 4. Suppose -15*s - 3*s - 90 = 0. Determine z(s).
4
Let y(s) be the third derivative of s**8/1120 + s**6/720 + 2*s**5/15 + 13*s**2. Let m(u) be the third derivative of y(u). Give m(1).
19
Suppose -3*q = -5 + 14. Let h(n) = 1. Let y(t) = -t - 7. Let m(a) = -2*h(a) - y(a). Determine m(q).
2
Let z = 40 - 57. Let m = z - -21. Suppose 6*o = 5*o + m. Let r(a) = -a**2 + 5*a - 1. Calculate r(o).
3
Let p(a) be the first derivative of -a**2/2 + 2*a + 44. What is p(5)?
-3
Suppose -2*l = -3*w + 29, -5*l = -0*l - 2*w + 56. Let p be (6/l)/((-17)/(-170)). Let s(u) = u**2 + 8*u + 5. Determine s(p).
-7
Let a be (-1 - (-15)/25) + (-54)/(-10). Suppose -4*c + a = -3*c. Let l(v) = -v**3 + 5*v**2 + 2*v - 3. Give l(c).
7
Let w(i) = -i + 3. Let o = 12 + -18. Let u be ((-2)/o)/(15/45). Let d be (4 - u - -3) + 0. Determine w(d).
-3
Let a(l) = -l**3 + 7*l**2 - 3*l - 3. Suppose -29*g + 122 = -52. What is a(g)?
15
Let n = 18 - 10. Suppose 0 = -5*c - 22 - n. Let b(p) be the third derivative of p**6/120 + p**5/12 - 7*p**4/24 + p**3/2 - 2*p**2. What is b(c)?
9
Let l(i) = -7*i - 4. Let k be 6 + 20/(-30)*15. What is l(k)?
24
Let n(a) = -3*a + 7. Suppose 0 = -5*o + 5*j, 3*o + 2*j + 13 = -12. Give n(o).
22
Suppose 0 = -4*q + 13 - 9. Let i(k) = -40*k + 3. Let c(d) = 20*d - 2. Let y(w) = 5*c(w) + 3*i(w). Determine y(q).
-21
Suppose 0 = -n + 2*m - 3, 2*m + 1 = 3*n + 6*m. Let l(v) = v**2 - 1. Let a(x) = 10*x**2. Let j(s) = -a(s) + l(s). Calculate j(n).
-10
Let t(b) = 7*b - 134. Let y be t(19). Let k(p) = -10*p**3 - 2*p**2 + 1. What is k(y)?
9
Let t(x) = x**2 + 2*x - 3. Let w be (-2)/10*-4 + 64/20. Let s(i) = 8*i - 36. Let d be s(w). Give t(d).
5
Let d(i) = -5*i**2 + 6*i + 6. Let o be d(5). Let x = o - -91. Let j(a) = a**3 - 2*a**2 + a + 1. Determine j(x).
3
Let o(r) be the second derivative of -5/2*r**2 - 1/2*r**3 + 18*r + 0. Determine o(5).
-20
Suppose -v - 4*v = -10. Let d = -8 + 9. Suppose -v*r - 3*r + 3*h = -1, 0 = 3*r - 2*h - d. Let j(q) = -4*q**2 - 1. What is j(r)?
-5
Let k(b) = b**2 - 14*b - 25. Let a be k(16). Let z(h) = -a*h + 0*h + 6*h + 1. What is z(0)?
1
Let k(n) = n**2 + 12*n - 1. Let s(t) = -13*t + 1. Let b(c) = k(c) + s(c). Let m be ((-3)/2)/(9/(-12)). Suppose -3*r = m - 5. Give b(r).
0
Let y(x) = -46*x + 2 + 83*x - 3*x**3 + 22*x**2 - 17*x**2 - 41*x - 3. Give y(2).
-13
Let g(b) = 0 - 7*b**2 + 4 - 8*b**3 - 19*b**3 + 26*b**3 + 2*b. Determine g(-7).
-10
Let b(p) = -p**3 + 5*p**2 + 4*p - 1. Let o be (12/(-15))/(-4 - (-58)/15). Calculate b(o).
-13
Let c(d) = -d**3 + 6*d**2 - d - 8. Let a(g) = -14*g - 8. Let j = 48 - 49. Let l be a(j). Calculate c(l).
-14
Suppose -16 - 14 = 2*b + 5*f, 0 = 5*b + 4*f + 41. Let d(z) = -2 + 8*z - 12*z + 2*z. Calculate d(b).
8
Let q(s) = 15*s**2 - 48*s**2 + 16*s**2 + 16*s**2 - 8*s**3. Let l = 0 - 1. What is q(l)?
7
Let t = 20 + -25. Let v(m) = 2*m - 1. Let k(a) = a - 1. Let u(y) = t*v(y) + 4*k(y). Suppose 3*n - 3 = -0*n. Determine u(n).
-5
Let b(x) be the second derivative of x**4/12 + 5*x**3/3 + x**2/2 - x + 1. What is b(-8)?
-15
Suppose 2*t + 5*o = 3*t - 28, -35 = -5*t + 4*o. Let h(i) = -2*i**2 + 10*i + 4. Let v(a) = -2*a**2 + 9*a + 3. Let z(q) = 5*h(q) - 6*v(q). Give z(t).
8
Let m(b) be the third derivative of b**4/24 - b**3/6 - b**2 + 6*b. Calculate m(-3).
-4
Let p = -2/397 - -437/7940. Let d(f) be the second derivative of 3/2*f**2 - 7*f + p*f**5 + 0 + 1/6*f**3 + 1/4*f**4. Give d(-3).
0
Let y(d) = 65*d. Let b(o) = o. Let w(z) = -78*b(z) + y(z). Suppose 13 = 3*p - 2*m, -2 = -4*p - m - 3. Determine w(p).
-13
Let a(g) = -3*g**2 + 4*g + 292 - 152 - 144. Let h = 3 - 0. What is a(h)?
-19
Let c(a) = 3*a - 1. Let o(x) = 2*x**2 + x - 1. Let f be o(-1). Suppose 3*m + 3*d = 6, f = -m - 2*m + 2*d + 16. Suppose m*i - 8 = -0. Calculate c(i).
5
Let a(b) be the second derivative of b**4/12 + 5*b**3/6 - 3*b**2/2 + 2*b - 74. Suppose -5*z = 22 + 3. Calculate a(z).
-3
Suppose 15 = -4*w + 5*w. Let d(q) = -2*q + 3. Let r be d(-2). Let p(g) = g**2 - 4*g + r - 16 + w. Give p(4).
6
Let k(f) be the second derivative of 25*f**4/12 - f**3/6 - 8*f + 2. Determine k(1).
24
Let v(j) = -j**2 - j - 1. Let i = -24 + 21. Let z(g) = g**2 - 2*g - 4. Let p(o) = i*v(o) + z(o). Let s(n) = n**2 - 12*n - 12. Let l be s(13). What is p(l)?
4
Let a(p) = p**3 - 10*p**2 + p - 8. Let y be a(10). Let t(h) = h**2 + 2*h - 3. Let s be t(y). Let m(r) = s*r - 5*r - 8 - r. Calculate m